{"id":122,"date":"2018-06-19T10:44:49","date_gmt":"2018-06-19T08:44:49","guid":{"rendered":"http:\/\/qocbqnj.cluster031.hosting.ovh.net\/index.php\/contact-us\/"},"modified":"2023-10-10T14:04:48","modified_gmt":"2023-10-10T12:04:48","slug":"contactez-nous","status":"publish","type":"page","link":"https:\/\/lesflaneurs.fr\/index.php\/contactez-nous\/","title":{"rendered":"Contact Us"},"content":{"rendered":"\t\t<div data-elementor-type=\"wp-post\" data-elementor-id=\"122\" class=\"elementor elementor-122\">\n\t\t\t\t\t\t<section class=\"elementor-section elementor-top-section elementor-element elementor-element-b422688 elementor-section-boxed elementor-section-height-default elementor-section-height-default\" data-id=\"b422688\" data-element_type=\"section\" data-settings=\"{&quot;background_background&quot;:&quot;classic&quot;}\">\n\t\t\t\t\t\t<div class=\"elementor-container elementor-column-gap-default\">\n\t\t\t\t\t<div class=\"aux-parallax-section elementor-column elementor-col-100 elementor-top-column elementor-element elementor-element-051e210\" data-id=\"051e210\" data-element_type=\"column\">\n\t\t\t<div class=\"elementor-widget-wrap\">\n\t\t\t\t\t\t\t<\/div>\n\t\t<\/div>\n\t\t\t\t\t<\/div>\n\t\t<\/section>\n\t\t\t\t<section class=\"elementor-section elementor-top-section elementor-element elementor-element-2ba81e11 elementor-section-stretched elementor-section-content-middle elementor-section-boxed elementor-section-height-default elementor-section-height-default\" data-id=\"2ba81e11\" data-element_type=\"section\" data-settings=\"{&quot;stretch_section&quot;:&quot;section-stretched&quot;,&quot;background_background&quot;:&quot;classic&quot;}\">\n\t\t\t\t\t\t\t<div class=\"elementor-background-overlay\"><\/div>\n\t\t\t\t\t\t\t<div class=\"elementor-container elementor-column-gap-default\">\n\t\t\t\t\t<div class=\"aux-parallax-section elementor-column elementor-col-66 elementor-top-column elementor-element elementor-element-377515cf aux-appear-watch-animation aux-fade-in-up\" data-id=\"377515cf\" data-element_type=\"column\">\n\t\t\t<div class=\"elementor-widget-wrap elementor-element-populated\">\n\t\t\t\t\t\t<div class=\"elementor-element elementor-element-488f477 elementor-invisible elementor-widget elementor-widget-aux_modern_heading\" data-id=\"488f477\" data-element_type=\"widget\" data-settings=\"{&quot;_animation&quot;:&quot;fadeInDown&quot;}\" data-widget_type=\"aux_modern_heading.default\">\n\t\t\t\t<div class=\"elementor-widget-container\">\n\t\t\t<section class=\"aux-widget-modern-heading\">\n            <div class=\"aux-widget-inner\"><h1 class=\"aux-modern-heading-primary\">Nous attendons avec plaisir votre choix de fl\u00e2nerie<\/h1><div class=\"aux-modern-heading-divider\"><\/div><div class=\"aux-modern-heading-description\"><h3>Une envie de visite particuli\u00e8re ? Une id\u00e9e de sortie culturelle ? Un am\u00e9nagement de visite ?\u00a0<\/h3><h3>Pour toute demande de devis, vous recevrez une r\u00e9ponse dans les 24h.<\/h3><\/div><\/div>\n        <\/section>\t\t<\/div>\n\t\t\t\t<\/div>\n\t\t\t\t<div class=\"elementor-element elementor-element-e5db2c7 elementor-widget elementor-widget-aux_contact_form\" data-id=\"e5db2c7\" data-element_type=\"widget\" data-widget_type=\"aux_contact_form.default\">\n\t\t\t\t<div class=\"elementor-widget-container\">\n\t\t\t<section class=\"widget-container aux-widget-contact-form aux-parent-au804a3530\">            <div class=\"aux-col-wrapper aux-no-gutter\">\n            <!-- @TODO - The output for element here -->\n\n            \n<div class=\"wpcf7 no-js\" id=\"wpcf7-f855-o1\" lang=\"fr-FR\" dir=\"ltr\" data-wpcf7-id=\"855\">\n<div class=\"screen-reader-response\"><p role=\"status\" aria-live=\"polite\" aria-atomic=\"true\"><\/p> <ul><\/ul><\/div>\n<form action=\"\/index.php\/wp-json\/wp\/v2\/pages\/122#wpcf7-f855-o1\" method=\"post\" class=\"wpcf7-form init\" aria-label=\"Formulaire de contact\" novalidate=\"novalidate\" data-status=\"init\">\n<fieldset class=\"hidden-fields-container\"><input type=\"hidden\" name=\"_wpcf7\" value=\"855\" \/><input type=\"hidden\" name=\"_wpcf7_version\" value=\"6.1.5\" \/><input type=\"hidden\" name=\"_wpcf7_locale\" value=\"fr_FR\" \/><input type=\"hidden\" name=\"_wpcf7_unit_tag\" value=\"wpcf7-f855-o1\" \/><input type=\"hidden\" name=\"_wpcf7_container_post\" value=\"0\" \/><input type=\"hidden\" name=\"_wpcf7_posted_data_hash\" value=\"\" \/><input type=\"hidden\" name=\"_wpcf7_recaptcha_response\" value=\"\" \/>\n<\/fieldset>\n<p><label> Votre nom<br \/>\n<span class=\"wpcf7-form-control-wrap\" data-name=\"your-name\"><input size=\"40\" maxlength=\"400\" class=\"wpcf7-form-control wpcf7-text wpcf7-validates-as-required\" aria-required=\"true\" aria-invalid=\"false\" value=\"\" type=\"text\" name=\"your-name\" \/><\/span> <\/label>\n<\/p>\n<p><label> Nombre de personne<br \/>\n<span class=\"wpcf7-form-control-wrap\" data-name=\"nombre-de-personne\"><input size=\"40\" maxlength=\"400\" class=\"wpcf7-form-control wpcf7-text wpcf7-validates-as-required\" aria-required=\"true\" aria-invalid=\"false\" value=\"\" type=\"text\" name=\"nombre-de-personne\" \/><\/span> <\/label>\n<\/p>\n<p><label> Date envisag\u00e9e<br \/>\n<span class=\"wpcf7-form-control-wrap\" data-name=\"date-109\"><input class=\"wpcf7-form-control wpcf7-date wpcf7-validates-as-date\" min=\"2021-11-25\" max=\"2027-12-31\" aria-invalid=\"false\" value=\"\" type=\"date\" name=\"date-109\" \/><\/span><\/label>\n<\/p>\n<p><label> Votre e-mail<br \/>\n<span class=\"wpcf7-form-control-wrap\" data-name=\"your-email\"><input size=\"40\" maxlength=\"400\" class=\"wpcf7-form-control wpcf7-email wpcf7-validates-as-required wpcf7-text wpcf7-validates-as-email\" aria-required=\"true\" aria-invalid=\"false\" value=\"\" type=\"email\" name=\"your-email\" \/><\/span> <\/label>\n<\/p>\n<p><label> Objet<br \/>\n<span class=\"wpcf7-form-control-wrap\" data-name=\"your-subject\"><input size=\"40\" maxlength=\"400\" class=\"wpcf7-form-control wpcf7-text wpcf7-validates-as-required\" aria-required=\"true\" aria-invalid=\"false\" value=\"\" type=\"text\" name=\"your-subject\" \/><\/span> <\/label>\n<\/p>\n<p><label> Votre message (facultatif)<br \/>\n<span class=\"wpcf7-form-control-wrap\" data-name=\"your-message\"><textarea cols=\"40\" rows=\"10\" maxlength=\"2000\" class=\"wpcf7-form-control wpcf7-textarea\" aria-invalid=\"false\" name=\"your-message\"><\/textarea><\/span> <\/label><br \/>\n\n\n<\/p>\n<p><input class=\"wpcf7-form-control wpcf7-submit has-spinner\" type=\"submit\" value=\"Envoyer\" \/>\n<\/p><p style=\"display: none !important;\" class=\"akismet-fields-container\" data-prefix=\"_wpcf7_ak_\"><label>&#916;<textarea name=\"_wpcf7_ak_hp_textarea\" cols=\"45\" rows=\"8\" maxlength=\"100\"><\/textarea><\/label><input type=\"hidden\" id=\"ak_js_1\" name=\"_wpcf7_ak_js\" value=\"138\"\/><script>document.getElementById( \"ak_js_1\" ).setAttribute( \"value\", ( new Date() ).getTime() );<\/script><\/p><div class=\"wpcf7-response-output\" aria-hidden=\"true\"><\/div>\n<\/form>\n<\/div>\n\n\n            <\/div><!-- aux-col-wrapper -->\n    <\/section><!-- widget-container -->\t\t<\/div>\n\t\t\t\t<\/div>\n\t\t\t\t\t<\/div>\n\t\t<\/div>\n\t\t\t\t<div class=\"aux-parallax-section elementor-column elementor-col-33 elementor-top-column elementor-element elementor-element-1c59af4f aux-appear-watch-animation aux-fade-in-up-1\" data-id=\"1c59af4f\" data-element_type=\"column\" data-settings=\"{&quot;background_background&quot;:&quot;classic&quot;}\">\n\t\t\t<div class=\"elementor-widget-wrap\">\n\t\t\t\t\t\t\t<\/div>\n\t\t<\/div>\n\t\t\t\t\t<\/div>\n\t\t<\/section>\n\t\t\t\t<\/div>\n\t\t","protected":false},"excerpt":{"rendered":"<p>Nous attendons avec plaisir votre choix de fl\u00e2nerie Une envie de visite particuli\u00e8re ? Une id\u00e9e de sortie culturelle ? Un am\u00e9nagement de visite ?\u00a0 Pour toute demande de devis, vous recevrez une r\u00e9ponse dans les 24h. Votre nom Nombre de personne Date envisag\u00e9e Votre e-mail Objet Votre message (facultatif) &#916;<\/p>\n","protected":false},"author":1,"featured_media":0,"parent":0,"menu_order":0,"comment_status":"closed","ping_status":"closed","template":"templates\/page-builder-content.php","meta":{"footnotes":""},"class_list":["post-122","page","type-page","status-publish","hentry"],"yoast_head":"<!-- This site is optimized with the Yoast SEO plugin v27.4 - https:\/\/yoast.com\/product\/yoast-seo-wordpress\/ -->\n<title>Contact Us - Les Fl\u00e2neurs<\/title>\n<meta name=\"description\" content=\"Une envie de visite particuli\u00e8re ? Une id\u00e9e de sortie culturelle ? Un am\u00e9nagement de visite ? Nous attendons votre message avec plaisir !\" \/>\n<meta name=\"robots\" content=\"index, follow, max-snippet:-1, max-image-preview:large, max-video-preview:-1\" \/>\n<link rel=\"canonical\" href=\"https:\/\/lesflaneurs.fr\/index.php\/contactez-nous\/\" \/>\n<meta property=\"og:locale\" content=\"fr_FR\" \/>\n<meta property=\"og:type\" content=\"article\" \/>\n<meta property=\"og:title\" content=\"Contact Us - Les Fl\u00e2neurs\" \/>\n<meta property=\"og:description\" content=\"Une envie de visite particuli\u00e8re ? Une id\u00e9e de sortie culturelle ? Un am\u00e9nagement de visite ? Nous attendons votre message avec plaisir !\" \/>\n<meta property=\"og:url\" content=\"https:\/\/lesflaneurs.fr\/index.php\/contactez-nous\/\" \/>\n<meta property=\"og:site_name\" content=\"Les Fl\u00e2neurs\" \/>\n<meta property=\"article:publisher\" content=\"https:\/\/www.facebook.com\/lesflaneurslyon\" \/>\n<meta property=\"article:modified_time\" content=\"2023-10-10T12:04:48+00:00\" \/>\n<meta name=\"twitter:card\" content=\"summary_large_image\" \/>\n<meta name=\"twitter:site\" content=\"@lesflaneurslyon\" \/>\n<meta name=\"twitter:label1\" content=\"Dur\u00e9e de lecture estim\u00e9e\" \/>\n\t<meta name=\"twitter:data1\" content=\"1 minute\" \/>\n<script type=\"application\/ld+json\" class=\"yoast-schema-graph\">{\"@context\":\"https:\\\/\\\/schema.org\",\"@graph\":[{\"@type\":\"WebPage\",\"@id\":\"https:\\\/\\\/lesflaneurs.fr\\\/index.php\\\/contactez-nous\\\/\",\"url\":\"https:\\\/\\\/lesflaneurs.fr\\\/index.php\\\/contactez-nous\\\/\",\"name\":\"Contact Us - Les Fl\u00e2neurs\",\"isPartOf\":{\"@id\":\"https:\\\/\\\/lesflaneurs.fr\\\/#website\"},\"datePublished\":\"2018-06-19T08:44:49+00:00\",\"dateModified\":\"2023-10-10T12:04:48+00:00\",\"description\":\"Une envie de visite particuli\u00e8re ? Une id\u00e9e de sortie culturelle ? Un am\u00e9nagement de visite ? Nous attendons votre message avec plaisir !\",\"breadcrumb\":{\"@id\":\"https:\\\/\\\/lesflaneurs.fr\\\/index.php\\\/contactez-nous\\\/#breadcrumb\"},\"inLanguage\":\"fr-FR\",\"potentialAction\":[{\"@type\":\"ReadAction\",\"target\":[\"https:\\\/\\\/lesflaneurs.fr\\\/index.php\\\/contactez-nous\\\/\"]}]},{\"@type\":\"BreadcrumbList\",\"@id\":\"https:\\\/\\\/lesflaneurs.fr\\\/index.php\\\/contactez-nous\\\/#breadcrumb\",\"itemListElement\":[{\"@type\":\"ListItem\",\"position\":1,\"name\":\"Accueil\",\"item\":\"https:\\\/\\\/lesflaneurs.fr\\\/\"},{\"@type\":\"ListItem\",\"position\":2,\"name\":\"Contact Us\"}]},{\"@type\":\"WebSite\",\"@id\":\"https:\\\/\\\/lesflaneurs.fr\\\/#website\",\"url\":\"https:\\\/\\\/lesflaneurs.fr\\\/\",\"name\":\"Les Fl\u00e2neurs\",\"description\":\"Concepteurs d&#039;exp\u00e9riences culturelles\",\"publisher\":{\"@id\":\"https:\\\/\\\/lesflaneurs.fr\\\/#organization\"},\"potentialAction\":[{\"@type\":\"SearchAction\",\"target\":{\"@type\":\"EntryPoint\",\"urlTemplate\":\"https:\\\/\\\/lesflaneurs.fr\\\/?s={search_term_string}\"},\"query-input\":{\"@type\":\"PropertyValueSpecification\",\"valueRequired\":true,\"valueName\":\"search_term_string\"}}],\"inLanguage\":\"fr-FR\"},{\"@type\":\"Organization\",\"@id\":\"https:\\\/\\\/lesflaneurs.fr\\\/#organization\",\"name\":\"les fl\u00e2neurs\",\"url\":\"https:\\\/\\\/lesflaneurs.fr\\\/\",\"logo\":{\"@type\":\"ImageObject\",\"inLanguage\":\"fr-FR\",\"@id\":\"https:\\\/\\\/lesflaneurs.fr\\\/#\\\/schema\\\/logo\\\/image\\\/\",\"url\":\"http:\\\/\\\/lesflaneurs.fr\\\/wp-content\\\/uploads\\\/2022\\\/02\\\/cropped-logo-bon-format-web.png\",\"contentUrl\":\"http:\\\/\\\/lesflaneurs.fr\\\/wp-content\\\/uploads\\\/2022\\\/02\\\/cropped-logo-bon-format-web.png\",\"width\":381,\"height\":160,\"caption\":\"les fl\u00e2neurs\"},\"image\":{\"@id\":\"https:\\\/\\\/lesflaneurs.fr\\\/#\\\/schema\\\/logo\\\/image\\\/\"},\"sameAs\":[\"https:\\\/\\\/www.facebook.com\\\/lesflaneurslyon\",\"https:\\\/\\\/x.com\\\/lesflaneurslyon\",\"https:\\\/\\\/www.instagram.com\\\/lesflaneurslyon\\\/\"]}]}<\/script>\n<!-- \/ Yoast SEO plugin. -->","yoast_head_json":{"title":"Contact Us - Les Fl\u00e2neurs","description":"Une envie de visite particuli\u00e8re ? Une id\u00e9e de sortie culturelle ? Un am\u00e9nagement de visite ? Nous attendons votre message avec plaisir !","robots":{"index":"index","follow":"follow","max-snippet":"max-snippet:-1","max-image-preview":"max-image-preview:large","max-video-preview":"max-video-preview:-1"},"canonical":"https:\/\/lesflaneurs.fr\/index.php\/contactez-nous\/","og_locale":"fr_FR","og_type":"article","og_title":"Contact Us - Les Fl\u00e2neurs","og_description":"Une envie de visite particuli\u00e8re ? Une id\u00e9e de sortie culturelle ? Un am\u00e9nagement de visite ? Nous attendons votre message avec plaisir !","og_url":"https:\/\/lesflaneurs.fr\/index.php\/contactez-nous\/","og_site_name":"Les Fl\u00e2neurs","article_publisher":"https:\/\/www.facebook.com\/lesflaneurslyon","article_modified_time":"2023-10-10T12:04:48+00:00","twitter_card":"summary_large_image","twitter_site":"@lesflaneurslyon","twitter_misc":{"Dur\u00e9e de lecture estim\u00e9e":"1 minute"},"schema":{"@context":"https:\/\/schema.org","@graph":[{"@type":"WebPage","@id":"https:\/\/lesflaneurs.fr\/index.php\/contactez-nous\/","url":"https:\/\/lesflaneurs.fr\/index.php\/contactez-nous\/","name":"Contact Us - Les Fl\u00e2neurs","isPartOf":{"@id":"https:\/\/lesflaneurs.fr\/#website"},"datePublished":"2018-06-19T08:44:49+00:00","dateModified":"2023-10-10T12:04:48+00:00","description":"Une envie de visite particuli\u00e8re ? Une id\u00e9e de sortie culturelle ? Un am\u00e9nagement de visite ? Nous attendons votre message avec plaisir !","breadcrumb":{"@id":"https:\/\/lesflaneurs.fr\/index.php\/contactez-nous\/#breadcrumb"},"inLanguage":"fr-FR","potentialAction":[{"@type":"ReadAction","target":["https:\/\/lesflaneurs.fr\/index.php\/contactez-nous\/"]}]},{"@type":"BreadcrumbList","@id":"https:\/\/lesflaneurs.fr\/index.php\/contactez-nous\/#breadcrumb","itemListElement":[{"@type":"ListItem","position":1,"name":"Accueil","item":"https:\/\/lesflaneurs.fr\/"},{"@type":"ListItem","position":2,"name":"Contact Us"}]},{"@type":"WebSite","@id":"https:\/\/lesflaneurs.fr\/#website","url":"https:\/\/lesflaneurs.fr\/","name":"Les Fl\u00e2neurs","description":"Concepteurs d&#039;exp\u00e9riences culturelles","publisher":{"@id":"https:\/\/lesflaneurs.fr\/#organization"},"potentialAction":[{"@type":"SearchAction","target":{"@type":"EntryPoint","urlTemplate":"https:\/\/lesflaneurs.fr\/?s={search_term_string}"},"query-input":{"@type":"PropertyValueSpecification","valueRequired":true,"valueName":"search_term_string"}}],"inLanguage":"fr-FR"},{"@type":"Organization","@id":"https:\/\/lesflaneurs.fr\/#organization","name":"les fl\u00e2neurs","url":"https:\/\/lesflaneurs.fr\/","logo":{"@type":"ImageObject","inLanguage":"fr-FR","@id":"https:\/\/lesflaneurs.fr\/#\/schema\/logo\/image\/","url":"http:\/\/lesflaneurs.fr\/wp-content\/uploads\/2022\/02\/cropped-logo-bon-format-web.png","contentUrl":"http:\/\/lesflaneurs.fr\/wp-content\/uploads\/2022\/02\/cropped-logo-bon-format-web.png","width":381,"height":160,"caption":"les fl\u00e2neurs"},"image":{"@id":"https:\/\/lesflaneurs.fr\/#\/schema\/logo\/image\/"},"sameAs":["https:\/\/www.facebook.com\/lesflaneurslyon","https:\/\/x.com\/lesflaneurslyon","https:\/\/www.instagram.com\/lesflaneurslyon\/"]}]}},"_links":{"self":[{"href":"https:\/\/lesflaneurs.fr\/index.php\/wp-json\/wp\/v2\/pages\/122","targetHints":{"allow":["GET"]}}],"collection":[{"href":"https:\/\/lesflaneurs.fr\/index.php\/wp-json\/wp\/v2\/pages"}],"about":[{"href":"https:\/\/lesflaneurs.fr\/index.php\/wp-json\/wp\/v2\/types\/page"}],"author":[{"embeddable":true,"href":"https:\/\/lesflaneurs.fr\/index.php\/wp-json\/wp\/v2\/users\/1"}],"replies":[{"embeddable":true,"href":"https:\/\/lesflaneurs.fr\/index.php\/wp-json\/wp\/v2\/comments?post=122"}],"version-history":[{"count":78,"href":"https:\/\/lesflaneurs.fr\/index.php\/wp-json\/wp\/v2\/pages\/122\/revisions"}],"predecessor-version":[{"id":2435,"href":"https:\/\/lesflaneurs.fr\/index.php\/wp-json\/wp\/v2\/pages\/122\/revisions\/2435"}],"wp:attachment":[{"href":"https:\/\/lesflaneurs.fr\/index.php\/wp-json\/wp\/v2\/media?parent=122"}],"curies":[{"name":"wp","href":"https:\/\/api.w.org\/{rel}","templated":true}]}}